{"id":7889,"date":"2021-04-05T17:38:16","date_gmt":"2021-04-05T15:38:16","guid":{"rendered":"http:\/\/www.regine-koelpin.de\/?page_id=7889"},"modified":"2022-03-02T18:39:02","modified_gmt":"2022-03-02T16:39:02","slug":"das-haus-am-deich-sicherer-hafen-band-3","status":"publish","type":"page","link":"https:\/\/www.regine-koelpin.de\/?page_id=7889","title":{"rendered":"Das Haus am Deich -Sicherer Hafen (Band 3)"},"content":{"rendered":"\n<figure class=\"wp-block-gallery columns-1 is-cropped wp-block-gallery-1 is-layout-flex wp-block-gallery-is-layout-flex\"><ul class=\"blocks-gallery-grid\"><li class=\"blocks-gallery-item\"><figure><img loading=\"lazy\" decoding=\"async\" width=\"321\" height=\"499\" src=\"http:\/\/www.regine-koelpin.de\/wp-content\/uploads\/Das-Haus-am-Deich-Spiegel-1.jpg\" alt=\"\" data-id=\"8212\" data-full-url=\"http:\/\/www.regine-koelpin.de\/wp-content\/uploads\/Das-Haus-am-Deich-Spiegel-1.jpg\" data-link=\"http:\/\/www.regine-koelpin.de\/?attachment_id=8212\" class=\"wp-image-8212\"\/><\/figure><\/li><\/ul><\/figure>\n\n\n\n<h2 class=\"wp-block-heading\">Das Haus am Deich \u2013 Sicherer Hafen (Das Haus am Deich 3) \u2014 Inhalt<\/h2>\n\n\n\n<p><strong>Die St\u00fcrme des Lebens: dramatisch, voller Gef\u00fchl und frischer Nordsee-Luft&nbsp;<\/strong><br><br>In&nbsp;<strong>\u201eDas Haus am Deich \u2013 Sicherer Hafen<\/strong>\u201c f\u00fchrt SPIEGEL-Bestsellerautorin&nbsp;<strong>Regine K\u00f6lpin<\/strong>&nbsp;die Schicksale ihrer Protagonistinnen Frida und Erna in den 1960er und 1970er Jahren zu einem gro\u00dfartigen H\u00f6hepunkt. Denn der&nbsp;<strong>3. Band<\/strong>&nbsp;ihrer Familiensaga f\u00fchrt nach Berlin in Zeiten des Mauerbaus und an die Nordseek\u00fcste zur Zeit der dramatischen Sturmflut von 1962. &nbsp;<br>1961: Der Mauerbau droht die langj\u00e4hrigen Freundinnen Frida und Erna zu trennen. Denn Erna lebt jetzt in Berlin, wo sie eigentlich neue Freiheit zu finden hoffte. Als ihr und ihrer Familie die Flucht in den Westen gelingt, erweist sich Frida als starke St\u00fctze. Dabei ist auch deren Leben voller Schicksalsschl\u00e4ge: Als ein Jahr sp\u00e4ter eine schwere Sturmflut die Nordseek\u00fcste trifft, wachsen in ihr Zweifel, ob sie an diesem Ort, gepr\u00e4gt von Wind und Meer, alt werden will. Doch in den St\u00fcrmen des Lebens geben ihr letztlich nur zwei Dinge Halt: ihre Freundschaft zu Erna und das Haus am Deich, ihr sicherer Hafen.&nbsp;<br><br>Vor der atmosph\u00e4rischen Kulisse Norddeutschlands entfaltet sich in \u201eDas Haus am Deich\u201c das Schicksal zweier Frauen und ihrer Familien: w<strong>ahrhaftig, atmosph\u00e4risch und bewegend:<\/strong>&nbsp;!<br>Band 1: Das Haus am Deich \u2013 Fremde Ufer<br>Band 2: Das Haus am Deich \u2013 Unruhige Wasser<br>Band 3: Das Haus am Deich \u2013 Sicherer Hafen<\/p>\n\n\n\n<p>\u20ac 11,00 [D], \u20ac 11,40 [A]Erscheint am 28.02.2022320 Seiten, BroschurEAN 978-3-492-31735-1<\/p>\n","protected":false},"excerpt":{"rendered":"<p>Das Haus am Deich \u2013 Sicherer Hafen (Das Haus am Deich 3) \u2014 Inhalt Die St\u00fcrme des Lebens: dramatisch, voller&hellip;<\/p>\n","protected":false},"author":1,"featured_media":0,"parent":0,"menu_order":0,"comment_status":"closed","ping_status":"closed","template":"","meta":{"footnotes":""},"class_list":["post-7889","page","type-page","status-publish","hentry"],"yoast_head":"<!-- This site is optimized with the Yoast SEO plugin v24.2 - https:\/\/yoast.com\/wordpress\/plugins\/seo\/ -->\n<title>Das Haus am Deich -Sicherer Hafen (Band 3) - Regine K\u00f6lpin<\/title>\n<meta name=\"robots\" content=\"index, follow, max-snippet:-1, max-image-preview:large, max-video-preview:-1\" \/>\n<link rel=\"canonical\" href=\"https:\/\/www.regine-koelpin.de\/?page_id=7889\" \/>\n<meta property=\"og:locale\" content=\"de_DE\" \/>\n<meta property=\"og:type\" content=\"article\" \/>\n<meta property=\"og:title\" content=\"Das Haus am Deich -Sicherer Hafen (Band 3) - Regine K\u00f6lpin\" \/>\n<meta property=\"og:description\" content=\"Das Haus am Deich \u2013 Sicherer Hafen (Das Haus am Deich 3) \u2014 Inhalt Die St\u00fcrme des Lebens: dramatisch, voller&hellip;\" \/>\n<meta property=\"og:url\" content=\"https:\/\/www.regine-koelpin.de\/?page_id=7889\" \/>\n<meta property=\"og:site_name\" content=\"Regine K\u00f6lpin\" \/>\n<meta property=\"article:modified_time\" content=\"2022-03-02T16:39:02+00:00\" \/>\n<meta property=\"og:image\" content=\"http:\/\/www.regine-koelpin.de\/wp-content\/uploads\/Das-Haus-am-Deich-Spiegel-1.jpg\" \/>\n<meta name=\"twitter:card\" content=\"summary_large_image\" \/>\n<meta name=\"twitter:label1\" content=\"Gesch\u00e4tzte Lesezeit\" \/>\n\t<meta name=\"twitter:data1\" content=\"1\u00a0Minute\" \/>\n<script type=\"application\/ld+json\" class=\"yoast-schema-graph\">{\"@context\":\"https:\/\/schema.org\",\"@graph\":[{\"@type\":\"WebPage\",\"@id\":\"https:\/\/www.regine-koelpin.de\/?page_id=7889\",\"url\":\"https:\/\/www.regine-koelpin.de\/?page_id=7889\",\"name\":\"Das Haus am Deich -Sicherer Hafen (Band 3) - Regine K\u00f6lpin\",\"isPartOf\":{\"@id\":\"https:\/\/www.regine-koelpin.de\/#website\"},\"primaryImageOfPage\":{\"@id\":\"https:\/\/www.regine-koelpin.de\/?page_id=7889#primaryimage\"},\"image\":{\"@id\":\"https:\/\/www.regine-koelpin.de\/?page_id=7889#primaryimage\"},\"thumbnailUrl\":\"http:\/\/www.regine-koelpin.de\/wp-content\/uploads\/Das-Haus-am-Deich-Spiegel-1.jpg\",\"datePublished\":\"2021-04-05T15:38:16+00:00\",\"dateModified\":\"2022-03-02T16:39:02+00:00\",\"breadcrumb\":{\"@id\":\"https:\/\/www.regine-koelpin.de\/?page_id=7889#breadcrumb\"},\"inLanguage\":\"de\",\"potentialAction\":[{\"@type\":\"ReadAction\",\"target\":[\"https:\/\/www.regine-koelpin.de\/?page_id=7889\"]}]},{\"@type\":\"ImageObject\",\"inLanguage\":\"de\",\"@id\":\"https:\/\/www.regine-koelpin.de\/?page_id=7889#primaryimage\",\"url\":\"https:\/\/www.regine-koelpin.de\/wp-content\/uploads\/Das-Haus-am-Deich-Spiegel-1.jpg\",\"contentUrl\":\"https:\/\/www.regine-koelpin.de\/wp-content\/uploads\/Das-Haus-am-Deich-Spiegel-1.jpg\",\"width\":321,\"height\":499},{\"@type\":\"BreadcrumbList\",\"@id\":\"https:\/\/www.regine-koelpin.de\/?page_id=7889#breadcrumb\",\"itemListElement\":[{\"@type\":\"ListItem\",\"position\":1,\"name\":\"Startseite\",\"item\":\"https:\/\/www.regine-koelpin.de\/\"},{\"@type\":\"ListItem\",\"position\":2,\"name\":\"Das Haus am Deich -Sicherer Hafen (Band 3)\"}]},{\"@type\":\"WebSite\",\"@id\":\"https:\/\/www.regine-koelpin.de\/#website\",\"url\":\"https:\/\/www.regine-koelpin.de\/\",\"name\":\"Regine K\u00f6lpin\",\"description\":\"Schriftstellerin\",\"potentialAction\":[{\"@type\":\"SearchAction\",\"target\":{\"@type\":\"EntryPoint\",\"urlTemplate\":\"https:\/\/www.regine-koelpin.de\/?s={search_term_string}\"},\"query-input\":{\"@type\":\"PropertyValueSpecification\",\"valueRequired\":true,\"valueName\":\"search_term_string\"}}],\"inLanguage\":\"de\"}]}<\/script>\n<!-- \/ Yoast SEO plugin. -->","yoast_head_json":{"title":"Das Haus am Deich -Sicherer Hafen (Band 3) - Regine K\u00f6lpin","robots":{"index":"index","follow":"follow","max-snippet":"max-snippet:-1","max-image-preview":"max-image-preview:large","max-video-preview":"max-video-preview:-1"},"canonical":"https:\/\/www.regine-koelpin.de\/?page_id=7889","og_locale":"de_DE","og_type":"article","og_title":"Das Haus am Deich -Sicherer Hafen (Band 3) - Regine K\u00f6lpin","og_description":"Das Haus am Deich \u2013 Sicherer Hafen (Das Haus am Deich 3) \u2014 Inhalt Die St\u00fcrme des Lebens: dramatisch, voller&hellip;","og_url":"https:\/\/www.regine-koelpin.de\/?page_id=7889","og_site_name":"Regine K\u00f6lpin","article_modified_time":"2022-03-02T16:39:02+00:00","og_image":[{"url":"http:\/\/www.regine-koelpin.de\/wp-content\/uploads\/Das-Haus-am-Deich-Spiegel-1.jpg","type":"","width":"","height":""}],"twitter_card":"summary_large_image","twitter_misc":{"Gesch\u00e4tzte Lesezeit":"1\u00a0Minute"},"schema":{"@context":"https:\/\/schema.org","@graph":[{"@type":"WebPage","@id":"https:\/\/www.regine-koelpin.de\/?page_id=7889","url":"https:\/\/www.regine-koelpin.de\/?page_id=7889","name":"Das Haus am Deich -Sicherer Hafen (Band 3) - Regine K\u00f6lpin","isPartOf":{"@id":"https:\/\/www.regine-koelpin.de\/#website"},"primaryImageOfPage":{"@id":"https:\/\/www.regine-koelpin.de\/?page_id=7889#primaryimage"},"image":{"@id":"https:\/\/www.regine-koelpin.de\/?page_id=7889#primaryimage"},"thumbnailUrl":"http:\/\/www.regine-koelpin.de\/wp-content\/uploads\/Das-Haus-am-Deich-Spiegel-1.jpg","datePublished":"2021-04-05T15:38:16+00:00","dateModified":"2022-03-02T16:39:02+00:00","breadcrumb":{"@id":"https:\/\/www.regine-koelpin.de\/?page_id=7889#breadcrumb"},"inLanguage":"de","potentialAction":[{"@type":"ReadAction","target":["https:\/\/www.regine-koelpin.de\/?page_id=7889"]}]},{"@type":"ImageObject","inLanguage":"de","@id":"https:\/\/www.regine-koelpin.de\/?page_id=7889#primaryimage","url":"https:\/\/www.regine-koelpin.de\/wp-content\/uploads\/Das-Haus-am-Deich-Spiegel-1.jpg","contentUrl":"https:\/\/www.regine-koelpin.de\/wp-content\/uploads\/Das-Haus-am-Deich-Spiegel-1.jpg","width":321,"height":499},{"@type":"BreadcrumbList","@id":"https:\/\/www.regine-koelpin.de\/?page_id=7889#breadcrumb","itemListElement":[{"@type":"ListItem","position":1,"name":"Startseite","item":"https:\/\/www.regine-koelpin.de\/"},{"@type":"ListItem","position":2,"name":"Das Haus am Deich -Sicherer Hafen (Band 3)"}]},{"@type":"WebSite","@id":"https:\/\/www.regine-koelpin.de\/#website","url":"https:\/\/www.regine-koelpin.de\/","name":"Regine K\u00f6lpin","description":"Schriftstellerin","potentialAction":[{"@type":"SearchAction","target":{"@type":"EntryPoint","urlTemplate":"https:\/\/www.regine-koelpin.de\/?s={search_term_string}"},"query-input":{"@type":"PropertyValueSpecification","valueRequired":true,"valueName":"search_term_string"}}],"inLanguage":"de"}]}},"_links":{"self":[{"href":"https:\/\/www.regine-koelpin.de\/index.php?rest_route=\/wp\/v2\/pages\/7889","targetHints":{"allow":["GET"]}}],"collection":[{"href":"https:\/\/www.regine-koelpin.de\/index.php?rest_route=\/wp\/v2\/pages"}],"about":[{"href":"https:\/\/www.regine-koelpin.de\/index.php?rest_route=\/wp\/v2\/types\/page"}],"author":[{"embeddable":true,"href":"https:\/\/www.regine-koelpin.de\/index.php?rest_route=\/wp\/v2\/users\/1"}],"replies":[{"embeddable":true,"href":"https:\/\/www.regine-koelpin.de\/index.php?rest_route=%2Fwp%2Fv2%2Fcomments&post=7889"}],"version-history":[{"count":2,"href":"https:\/\/www.regine-koelpin.de\/index.php?rest_route=\/wp\/v2\/pages\/7889\/revisions"}],"predecessor-version":[{"id":8213,"href":"https:\/\/www.regine-koelpin.de\/index.php?rest_route=\/wp\/v2\/pages\/7889\/revisions\/8213"}],"wp:attachment":[{"href":"https:\/\/www.regine-koelpin.de\/index.php?rest_route=%2Fwp%2Fv2%2Fmedia&parent=7889"}],"curies":[{"name":"wp","href":"https:\/\/api.w.org\/{rel}","templated":true}]}}

<figure class="wp-block-gallery columns-1 is-cropped wp-block-gallery-1 is-layout-flex wp-block-gallery-is-layout-flex"><ul class="blocks-gallery-grid"><li class="blocks-gallery-item"><figure><img loading="lazy" decoding="async" width="321" height="499" src="http://www.regine-koelpin.de/wp-content/uploads/Das-Haus-am-Deich-Spiegel-1.jpg" alt="" data-id="8212" data-full-url="http://www.regine-koelpin.de/wp-content/uploads/Das-Haus-am-Deich-Spiegel-1.jpg" data-link="http://www.regine-koelpin.de/?attachment_id=8212" class="wp-image-8212"/></figure></li></ul></figure>



<h2 class="wp-block-heading">Das Haus am Deich – Sicherer Hafen (Das Haus am Deich 3) — Inhalt</h2>



<p><strong>Die Stürme des Lebens: dramatisch, voller Gefühl und frischer Nordsee-Luft&nbsp;</strong><br><br>In&nbsp;<strong>„Das Haus am Deich – Sicherer Hafen</strong>“ führt SPIEGEL-Bestsellerautorin&nbsp;<strong>Regine Kölpin</strong>&nbsp;die Schicksale ihrer Protagonistinnen Frida und Erna in den 1960er und 1970er Jahren zu einem großartigen Höhepunkt. Denn der&nbsp;<strong>3. Band</strong>&nbsp;ihrer Familiensaga führt nach Berlin in Zeiten des Mauerbaus und an die Nordseeküste zur Zeit der dramatischen Sturmflut von 1962. &nbsp;<br>1961: Der Mauerbau droht die langjährigen Freundinnen Frida und Erna zu trennen. Denn Erna lebt jetzt in Berlin, wo sie eigentlich neue Freiheit zu finden hoffte. Als ihr und ihrer Familie die Flucht in den Westen gelingt, erweist sich Frida als starke Stütze. Dabei ist auch deren Leben voller Schicksalsschläge: Als ein Jahr später eine schwere Sturmflut die Nordseeküste trifft, wachsen in ihr Zweifel, ob sie an diesem Ort, geprägt von Wind und Meer, alt werden will. Doch in den Stürmen des Lebens geben ihr letztlich nur zwei Dinge Halt: ihre Freundschaft zu Erna und das Haus am Deich, ihr sicherer Hafen.&nbsp;<br><br>Vor der atmosphärischen Kulisse Norddeutschlands entfaltet sich in „Das Haus am Deich“ das Schicksal zweier Frauen und ihrer Familien: w<strong>ahrhaftig, atmosphärisch und bewegend:</strong>&nbsp;!<br>Band 1: Das Haus am Deich – Fremde Ufer<br>Band 2: Das Haus am Deich – Unruhige Wasser<br>Band 3: Das Haus am Deich – Sicherer Hafen</p>



<p>€ 11,00 [D], € 11,40 [A]Erscheint am 28.02.2022320 Seiten, BroschurEAN 978-3-492-31735-1</p>

<p>Das Haus am Deich – Sicherer Hafen (Das Haus am Deich 3) — Inhalt Die Stürme des Lebens: dramatisch, voller&hellip;</p>

<!-- This site is optimized with the Yoast SEO plugin v24.2 - https://yoast.com/wordpress/plugins/seo/ -->
<title>Das Haus am Deich -Sicherer Hafen (Band 3) - Regine Kölpin</title>
<meta name="robots" content="index, follow, max-snippet:-1, max-image-preview:large, max-video-preview:-1" />
<link rel="canonical" href="https://www.regine-koelpin.de/?page_id=7889" />
<meta property="og:locale" content="de_DE" />
<meta property="og:type" content="article" />
<meta property="og:title" content="Das Haus am Deich -Sicherer Hafen (Band 3) - Regine Kölpin" />
<meta property="og:description" content="Das Haus am Deich – Sicherer Hafen (Das Haus am Deich 3) — Inhalt Die Stürme des Lebens: dramatisch, voller&hellip;" />
<meta property="og:url" content="https://www.regine-koelpin.de/?page_id=7889" />
<meta property="og:site_name" content="Regine Kölpin" />
<meta property="article:modified_time" content="2022-03-02T16:39:02+00:00" />
<meta property="og:image" content="http://www.regine-koelpin.de/wp-content/uploads/Das-Haus-am-Deich-Spiegel-1.jpg" />
<meta name="twitter:card" content="summary_large_image" />
<meta name="twitter:label1" content="Geschätzte Lesezeit" />
	<meta name="twitter:data1" content="1 Minute" />
<script type="application/ld+json" class="yoast-schema-graph">{"@context":"https://schema.org","@graph":[{"@type":"WebPage","@id":"https://www.regine-koelpin.de/?page_id=7889","url":"https://www.regine-koelpin.de/?page_id=7889","name":"Das Haus am Deich -Sicherer Hafen (Band 3) - Regine Kölpin","isPartOf":{"@id":"https://www.regine-koelpin.de/#website"},"primaryImageOfPage":{"@id":"https://www.regine-koelpin.de/?page_id=7889#primaryimage"},"image":{"@id":"https://www.regine-koelpin.de/?page_id=7889#primaryimage"},"thumbnailUrl":"http://www.regine-koelpin.de/wp-content/uploads/Das-Haus-am-Deich-Spiegel-1.jpg","datePublished":"2021-04-05T15:38:16+00:00","dateModified":"2022-03-02T16:39:02+00:00","breadcrumb":{"@id":"https://www.regine-koelpin.de/?page_id=7889#breadcrumb"},"inLanguage":"de","potentialAction":[{"@type":"ReadAction","target":["https://www.regine-koelpin.de/?page_id=7889"]}]},{"@type":"ImageObject","inLanguage":"de","@id":"https://www.regine-koelpin.de/?page_id=7889#primaryimage","url":"https://www.regine-koelpin.de/wp-content/uploads/Das-Haus-am-Deich-Spiegel-1.jpg","contentUrl":"https://www.regine-koelpin.de/wp-content/uploads/Das-Haus-am-Deich-Spiegel-1.jpg","width":321,"height":499},{"@type":"BreadcrumbList","@id":"https://www.regine-koelpin.de/?page_id=7889#breadcrumb","itemListElement":[{"@type":"ListItem","position":1,"name":"Startseite","item":"https://www.regine-koelpin.de/"},{"@type":"ListItem","position":2,"name":"Das Haus am Deich -Sicherer Hafen (Band 3)"}]},{"@type":"WebSite","@id":"https://www.regine-koelpin.de/#website","url":"https://www.regine-koelpin.de/","name":"Regine Kölpin","description":"Schriftstellerin","potentialAction":[{"@type":"SearchAction","target":{"@type":"EntryPoint","urlTemplate":"https://www.regine-koelpin.de/?s={search_term_string}"},"query-input":{"@type":"PropertyValueSpecification","valueRequired":true,"valueName":"search_term_string"}}],"inLanguage":"de"}]}</script>
<!-- / Yoast SEO plugin. -->

Das Haus am Deich -Sicherer Hafen (Band 3) - Regine Kölpin

Das Haus am Deich – Sicherer Hafen (Das Haus am Deich 3) — Inhalt Die Stürme des Lebens: dramatisch, voller&hellip;

Regine Kölpin
