{"id":7867,"date":"2021-04-05T15:46:25","date_gmt":"2021-04-05T13:46:25","guid":{"rendered":"http:\/\/www.regine-koelpin.de\/?page_id=7867"},"modified":"2024-03-09T20:10:44","modified_gmt":"2024-03-09T18:10:44","slug":"der-zug-der-nonnengaense-franka-michels","status":"publish","type":"page","link":"https:\/\/www.regine-koelpin.de\/?page_id=7867","title":{"rendered":"Der Zug der Nonneng\u00e4nse (Franka Michels)"},"content":{"rendered":"<h2><strong>Neuauflage als<br \/>\nDie Reise der Nonneng\u00e4nse bei aufbau digital<\/strong><\/h2>\n<p><strong>Die Reise der Nonneng\u00e4nse<\/strong><\/p>\n<table id=\"tablewrapper_CMTOI_cm4all_com_widgets_PhotoToi_11343323\" width=\"603\" cellspacing=\"0\" cellpadding=\"0\">\n<tbody>\n<tr>\n<td>\n<div id=\"widgetroot_CMTOI_cm4all_com_widgets_PhotoToi_11343323\">\n<div id=\"container_CMTOI_cm4all_com_widgets_PhotoToi_11343323\">\n<p><a title=\"Die Reise der Nonneng\u00e4nse\"><img loading=\"lazy\" decoding=\"async\" class=\"size-full wp-image-244 alignleft\" src=\"wp-content\/uploads\/Nonnengaense-2-kl.jpg\" alt=\"Die Reise der Nonneng\u00e4nse\" width=\"132\" height=\"199\" \/><\/a><\/p>\n<div>\n<p style=\"text-align: left;\"><strong>Die Reise der Nonneng\u00e4nse<\/strong><\/p>\n<p>Wenn sich der Himmel \u00fcber der Insel Langeoog mit m\u00e4chtigem Fl\u00fcgelrauschen f\u00fcllt, dann kehren die Nonneng\u00e4nse heim in ihr Winterquartier.<br \/>\nNichts gibt der 60-j\u00e4hrigen Amelie so viel Trost und Kraft zugleich wie Wanderungen in der sich stetig wandelnden Natur des Wattenmeers und der Anblick der eleganten Zugv\u00f6gel \u2013 ganz besonders jetzt, wo ihr wegen einer Krebs-Erkrankung nur noch wenig Zeit bleibt. Eine einzige Sache w\u00fcrde Amelie gerne noch ins Reine bringen, wenn sie nur w\u00fcsste, wie \u2026<br \/>\n\u2026 <a href=\"http:\/\/www.regine-koelpin.de\/?page_id=7899&amp;action=edit\">mehr<\/a><\/p>\n<p><strong> aufbau digital, Januar 2024<\/strong><br \/>\n<strong>10,99 \u20ac <\/strong><strong><br \/>\nISBN: 978-3426527290<br \/>\nAuch als H\u00f6rbuch<\/strong><\/p>\n<p><a href=\"https:\/\/www.youtube.com\/watch?v=zPU07ZxOyps\">Zum Buchtrailer:<\/a><\/p>\n<\/div>\n<\/div>\n<\/div>\n<\/td>\n<\/tr>\n<tr>\n<td><\/td>\n<\/tr>\n<tr>\n<td><\/td>\n<\/tr>\n<\/tbody>\n<\/table>\n<p><strong>Der Zug der Nonneng\u00e4nse (Zuvor\u00a0 unter Franka Michels bei Knaur erschienen)<\/strong><\/p>\n<p><strong>\u201eVom Gehen und Kommen des Gl\u00fccks:<br \/>\n\u00bbDer Zug der Nonneng\u00e4nse\u00ab ist ein bewegender Roman \u00fcber eine besondere Frauen-Freundschaft, schicksalhafte Entscheidungen und die inspirierende und tr\u00f6stende Kraft der Natur.\u201c<\/strong><\/p>\n<p>&#8222;Ein hoffnungsvoller Roman&#8220; Margarethe von Schwarzkopf, NDR Kulturspiegel Folge 7 \/2022<\/p>\n<table id=\"tablewrapper_CMTOI_cm4all_com_widgets_PhotoToi_11343323\" width=\"603\" cellspacing=\"0\" cellpadding=\"0\">\n<tbody>\n<tr>\n<td>\n<div id=\"widgetroot_CMTOI_cm4all_com_widgets_PhotoToi_11343323\">\n<div id=\"container_CMTOI_cm4all_com_widgets_PhotoToi_11343323\">\n<p><a title=\"Der Zug der Nonneng\u00e4nse\"><img loading=\"lazy\" decoding=\"async\" class=\"size-full wp-image-244 alignleft\" src=\"wp-content\/uploads\/978-3-426-52627-9_Michels_Nonnengaense_07-002kl-1.jpg\" alt=\"Der Zug der Nonneng\u00e4nse\" width=\"132\" height=\"199\" \/><\/a><\/p>\n<div>\n<p style=\"text-align: left;\"><strong>Der Zug der Nonneng\u00e4nse<\/strong><\/p>\n<p>Wenn sich der Himmel \u00fcber der Insel Langeoog mit m\u00e4chtigem Fl\u00fcgelrauschen f\u00fcllt, dann kehren die Nonneng\u00e4nse heim in ihr Winterquartier.<br \/>\nNichts gibt der 60-j\u00e4hrigen Amelie so viel Trost und Kraft zugleich wie Wanderungen in der sich stetig wandelnden Natur des Wattenmeers und der Anblick der eleganten Zugv\u00f6gel \u2013 ganz besonders jetzt, wo ihr wegen einer Krebs-Erkrankung nur noch wenig Zeit bleibt. Eine einzige Sache w\u00fcrde Amelie gerne noch ins Reine bringen, wenn sie nur w\u00fcsste, wie \u2026<br \/>\n\u2026 <a href=\"http:\/\/www.regine-koelpin.de\/?page_id=7899&amp;action=edit\">mehr<\/a><\/p>\n<p><strong> Droemer Knaur TB, September 2021, 2. Auflage September 2021<\/strong><br \/>\n<strong>10,99 \u20ac, auch als EBook erh\u00e4ltlich.<\/strong><strong><br \/>\nISBN: 978-3426527290<\/strong><\/p>\n<p>&#8222;Der Zug der Nonneng\u00e4nse ist einer der ber\u00fchrendsten Geschichten, die ich bisher gelesen habe&#8220; <a href=\"https:\/\/lesegenuss.blogspot.com\/2021\/09\/der-zug-der-nonnenganse-franka-michels.html\">Lesegenuss Blogspot<\/a><\/p>\n<p><strong>&#8222;Alles in allem ist das Buch ein kleines Lehrst\u00fcck in Sachen Achtsamkeit und es steckt voller feiner philosophischer Gedanken.&#8220; &#8211; Seelenheiter<br \/>\n<\/strong><\/p>\n<p><strong>&#8222;Der sch\u00f6nste, ber\u00fchrendste, tiefgreifenste Roman des Jahres f\u00fcr mich.&#8220; &#8211; Eli<\/strong><\/p>\n<p><strong>&#8222;Ein ber\u00fchrender Roman \u00fcber das Leben und die Kraft der Natur.&#8220; &#8211; Sommerlese<\/strong><\/p>\n<p><strong>&#8222;Auch der Spannungsbogen ist gigantisch, ich konnte diese Traumlekt\u00fcre nicht mehr aus der Hand legen.&#8220; Zauberblume<\/strong><\/p>\n<p><strong>&#8222;Jede einzelne Seite erz\u00e4hlt von der Liebe zum Meer, zu den V\u00f6geln und zu den Menschen. Dabei schreibt Franka Michels mit sehr viel Empathie &#8230;&#8220; Silke Mahrt\u00a0<\/strong><\/p>\n<\/div>\n<p>&#8222;<strong>&#8230;Und dass es ein Roman ist der Mut macht, in Bezug auf das Loslassen, Vergebung und dem Tod.&#8220;-\u00a0 Nicole Gauert<\/strong><\/p>\n<p><strong>&#8222;Der Roman ist ein Seelenschmeichler und die Worte der Autorin umh\u00fcllen den Leser wie eine warme Decke. Eine bildreiche Sprache , tiefgehende Dialoge und \u00fcberw\u00e4ltigende Augenblicke sorgen daf\u00fcr, dass die beiden Frauen sich einen festen Platz im Herzen des Lesenden sichern und dort f\u00fcr lange Zeit verweilen-Taschentuchmomente inklusive.<\/strong><br \/>\n<strong>Taktvoll und sensibel erz\u00e4hlt &#8222;.\u00a0 -Katikatharinenhof<\/strong><\/p>\n<div>\n<p><a href=\"https:\/\/www.youtube.com\/watch?v=zPU07ZxOyps\">Zum Buchtrailer:<\/a><img loading=\"lazy\" decoding=\"async\" class=\"aligncenter  wp-image-7929\" src=\"http:\/\/www.regine-koelpin.de\/wp-content\/uploads\/978-3-426-52627-9_Michels_Nonnengaense_07-002kl-2.jpg\" alt=\"\" width=\"181\" height=\"275\" \/><\/p>\n<\/div>\n<\/div>\n<\/div>\n<\/td>\n<\/tr>\n<tr>\n<td><\/td>\n<\/tr>\n<tr>\n<td><\/td>\n<\/tr>\n<\/tbody>\n<\/table>\n","protected":false},"excerpt":{"rendered":"<p>Neuauflage als Die Reise der Nonneng\u00e4nse bei aufbau digital Die Reise der Nonneng\u00e4nse Die Reise der Nonneng\u00e4nse Wenn sich der&hellip;<\/p>\n","protected":false},"author":1,"featured_media":0,"parent":0,"menu_order":0,"comment_status":"closed","ping_status":"closed","template":"","meta":{"footnotes":""},"class_list":["post-7867","page","type-page","status-publish","hentry"],"yoast_head":"<!-- This site is optimized with the Yoast SEO plugin v24.2 - https:\/\/yoast.com\/wordpress\/plugins\/seo\/ -->\n<title>Der Zug der Nonneng\u00e4nse (Franka Michels) - Regine K\u00f6lpin<\/title>\n<meta name=\"robots\" content=\"index, follow, max-snippet:-1, max-image-preview:large, max-video-preview:-1\" \/>\n<link rel=\"canonical\" href=\"https:\/\/www.regine-koelpin.de\/?page_id=7867\" \/>\n<meta property=\"og:locale\" content=\"de_DE\" \/>\n<meta property=\"og:type\" content=\"article\" \/>\n<meta property=\"og:title\" content=\"Der Zug der Nonneng\u00e4nse (Franka Michels) - Regine K\u00f6lpin\" \/>\n<meta property=\"og:description\" content=\"Neuauflage als Die Reise der Nonneng\u00e4nse bei aufbau digital Die Reise der Nonneng\u00e4nse Die Reise der Nonneng\u00e4nse Wenn sich der&hellip;\" \/>\n<meta property=\"og:url\" content=\"https:\/\/www.regine-koelpin.de\/?page_id=7867\" \/>\n<meta property=\"og:site_name\" content=\"Regine K\u00f6lpin\" \/>\n<meta property=\"article:modified_time\" content=\"2024-03-09T18:10:44+00:00\" \/>\n<meta property=\"og:image\" content=\"http:\/\/www.regine-koelpin.de\/wp-content\/uploads\/978-3-426-52627-9_Michels_Nonnengaense_07-002kl-2.jpg\" \/>\n<meta name=\"twitter:card\" content=\"summary_large_image\" \/>\n<meta name=\"twitter:label1\" content=\"Gesch\u00e4tzte Lesezeit\" \/>\n\t<meta name=\"twitter:data1\" content=\"2\u00a0Minuten\" \/>\n<script type=\"application\/ld+json\" class=\"yoast-schema-graph\">{\"@context\":\"https:\/\/schema.org\",\"@graph\":[{\"@type\":\"WebPage\",\"@id\":\"https:\/\/www.regine-koelpin.de\/?page_id=7867\",\"url\":\"https:\/\/www.regine-koelpin.de\/?page_id=7867\",\"name\":\"Der Zug der Nonneng\u00e4nse (Franka Michels) - Regine K\u00f6lpin\",\"isPartOf\":{\"@id\":\"https:\/\/www.regine-koelpin.de\/#website\"},\"primaryImageOfPage\":{\"@id\":\"https:\/\/www.regine-koelpin.de\/?page_id=7867#primaryimage\"},\"image\":{\"@id\":\"https:\/\/www.regine-koelpin.de\/?page_id=7867#primaryimage\"},\"thumbnailUrl\":\"http:\/\/www.regine-koelpin.de\/wp-content\/uploads\/978-3-426-52627-9_Michels_Nonnengaense_07-002kl-2.jpg\",\"datePublished\":\"2021-04-05T13:46:25+00:00\",\"dateModified\":\"2024-03-09T18:10:44+00:00\",\"breadcrumb\":{\"@id\":\"https:\/\/www.regine-koelpin.de\/?page_id=7867#breadcrumb\"},\"inLanguage\":\"de\",\"potentialAction\":[{\"@type\":\"ReadAction\",\"target\":[\"https:\/\/www.regine-koelpin.de\/?page_id=7867\"]}]},{\"@type\":\"ImageObject\",\"inLanguage\":\"de\",\"@id\":\"https:\/\/www.regine-koelpin.de\/?page_id=7867#primaryimage\",\"url\":\"https:\/\/www.regine-koelpin.de\/wp-content\/uploads\/978-3-426-52627-9_Michels_Nonnengaense_07-002kl-2.jpg\",\"contentUrl\":\"https:\/\/www.regine-koelpin.de\/wp-content\/uploads\/978-3-426-52627-9_Michels_Nonnengaense_07-002kl-2.jpg\",\"width\":295,\"height\":448},{\"@type\":\"BreadcrumbList\",\"@id\":\"https:\/\/www.regine-koelpin.de\/?page_id=7867#breadcrumb\",\"itemListElement\":[{\"@type\":\"ListItem\",\"position\":1,\"name\":\"Startseite\",\"item\":\"https:\/\/www.regine-koelpin.de\/\"},{\"@type\":\"ListItem\",\"position\":2,\"name\":\"Der Zug der Nonneng\u00e4nse (Franka Michels)\"}]},{\"@type\":\"WebSite\",\"@id\":\"https:\/\/www.regine-koelpin.de\/#website\",\"url\":\"https:\/\/www.regine-koelpin.de\/\",\"name\":\"Regine K\u00f6lpin\",\"description\":\"Schriftstellerin\",\"potentialAction\":[{\"@type\":\"SearchAction\",\"target\":{\"@type\":\"EntryPoint\",\"urlTemplate\":\"https:\/\/www.regine-koelpin.de\/?s={search_term_string}\"},\"query-input\":{\"@type\":\"PropertyValueSpecification\",\"valueRequired\":true,\"valueName\":\"search_term_string\"}}],\"inLanguage\":\"de\"}]}<\/script>\n<!-- \/ Yoast SEO plugin. -->","yoast_head_json":{"title":"Der Zug der Nonneng\u00e4nse (Franka Michels) - Regine K\u00f6lpin","robots":{"index":"index","follow":"follow","max-snippet":"max-snippet:-1","max-image-preview":"max-image-preview:large","max-video-preview":"max-video-preview:-1"},"canonical":"https:\/\/www.regine-koelpin.de\/?page_id=7867","og_locale":"de_DE","og_type":"article","og_title":"Der Zug der Nonneng\u00e4nse (Franka Michels) - Regine K\u00f6lpin","og_description":"Neuauflage als Die Reise der Nonneng\u00e4nse bei aufbau digital Die Reise der Nonneng\u00e4nse Die Reise der Nonneng\u00e4nse Wenn sich der&hellip;","og_url":"https:\/\/www.regine-koelpin.de\/?page_id=7867","og_site_name":"Regine K\u00f6lpin","article_modified_time":"2024-03-09T18:10:44+00:00","og_image":[{"url":"http:\/\/www.regine-koelpin.de\/wp-content\/uploads\/978-3-426-52627-9_Michels_Nonnengaense_07-002kl-2.jpg","type":"","width":"","height":""}],"twitter_card":"summary_large_image","twitter_misc":{"Gesch\u00e4tzte Lesezeit":"2\u00a0Minuten"},"schema":{"@context":"https:\/\/schema.org","@graph":[{"@type":"WebPage","@id":"https:\/\/www.regine-koelpin.de\/?page_id=7867","url":"https:\/\/www.regine-koelpin.de\/?page_id=7867","name":"Der Zug der Nonneng\u00e4nse (Franka Michels) - Regine K\u00f6lpin","isPartOf":{"@id":"https:\/\/www.regine-koelpin.de\/#website"},"primaryImageOfPage":{"@id":"https:\/\/www.regine-koelpin.de\/?page_id=7867#primaryimage"},"image":{"@id":"https:\/\/www.regine-koelpin.de\/?page_id=7867#primaryimage"},"thumbnailUrl":"http:\/\/www.regine-koelpin.de\/wp-content\/uploads\/978-3-426-52627-9_Michels_Nonnengaense_07-002kl-2.jpg","datePublished":"2021-04-05T13:46:25+00:00","dateModified":"2024-03-09T18:10:44+00:00","breadcrumb":{"@id":"https:\/\/www.regine-koelpin.de\/?page_id=7867#breadcrumb"},"inLanguage":"de","potentialAction":[{"@type":"ReadAction","target":["https:\/\/www.regine-koelpin.de\/?page_id=7867"]}]},{"@type":"ImageObject","inLanguage":"de","@id":"https:\/\/www.regine-koelpin.de\/?page_id=7867#primaryimage","url":"https:\/\/www.regine-koelpin.de\/wp-content\/uploads\/978-3-426-52627-9_Michels_Nonnengaense_07-002kl-2.jpg","contentUrl":"https:\/\/www.regine-koelpin.de\/wp-content\/uploads\/978-3-426-52627-9_Michels_Nonnengaense_07-002kl-2.jpg","width":295,"height":448},{"@type":"BreadcrumbList","@id":"https:\/\/www.regine-koelpin.de\/?page_id=7867#breadcrumb","itemListElement":[{"@type":"ListItem","position":1,"name":"Startseite","item":"https:\/\/www.regine-koelpin.de\/"},{"@type":"ListItem","position":2,"name":"Der Zug der Nonneng\u00e4nse (Franka Michels)"}]},{"@type":"WebSite","@id":"https:\/\/www.regine-koelpin.de\/#website","url":"https:\/\/www.regine-koelpin.de\/","name":"Regine K\u00f6lpin","description":"Schriftstellerin","potentialAction":[{"@type":"SearchAction","target":{"@type":"EntryPoint","urlTemplate":"https:\/\/www.regine-koelpin.de\/?s={search_term_string}"},"query-input":{"@type":"PropertyValueSpecification","valueRequired":true,"valueName":"search_term_string"}}],"inLanguage":"de"}]}},"_links":{"self":[{"href":"https:\/\/www.regine-koelpin.de\/index.php?rest_route=\/wp\/v2\/pages\/7867","targetHints":{"allow":["GET"]}}],"collection":[{"href":"https:\/\/www.regine-koelpin.de\/index.php?rest_route=\/wp\/v2\/pages"}],"about":[{"href":"https:\/\/www.regine-koelpin.de\/index.php?rest_route=\/wp\/v2\/types\/page"}],"author":[{"embeddable":true,"href":"https:\/\/www.regine-koelpin.de\/index.php?rest_route=\/wp\/v2\/users\/1"}],"replies":[{"embeddable":true,"href":"https:\/\/www.regine-koelpin.de\/index.php?rest_route=%2Fwp%2Fv2%2Fcomments&post=7867"}],"version-history":[{"count":2,"href":"https:\/\/www.regine-koelpin.de\/index.php?rest_route=\/wp\/v2\/pages\/7867\/revisions"}],"predecessor-version":[{"id":8812,"href":"https:\/\/www.regine-koelpin.de\/index.php?rest_route=\/wp\/v2\/pages\/7867\/revisions\/8812"}],"wp:attachment":[{"href":"https:\/\/www.regine-koelpin.de\/index.php?rest_route=%2Fwp%2Fv2%2Fmedia&parent=7867"}],"curies":[{"name":"wp","href":"https:\/\/api.w.org\/{rel}","templated":true}]}}