{"id":7219,"date":"2020-04-20T16:06:35","date_gmt":"2020-04-20T14:06:35","guid":{"rendered":"http:\/\/www.regine-koelpin.de\/?page_id=7219"},"modified":"2020-05-18T13:08:33","modified_gmt":"2020-05-18T11:08:33","slug":"wohin-die-schuld-uns-traegt","status":"publish","type":"page","link":"https:\/\/www.regine-koelpin.de\/?page_id=7219","title":{"rendered":"Wohin die Schuld uns tr\u00e4gt"},"content":{"rendered":"<h2><span style=\"color: #000000;\">Wohin die Schuld uns tr\u00e4gt<\/span><\/h2>\n<p><img loading=\"lazy\" decoding=\"async\" class=\"aligncenter size-medium wp-image-7134\" src=\"http:\/\/www.regine-koelpin.de\/wp-content\/uploads\/Wohin_d_Schuld_uns_LY_2-181x300.jpg\" alt=\"\" width=\"181\" height=\"300\" srcset=\"https:\/\/www.regine-koelpin.de\/wp-content\/uploads\/Wohin_d_Schuld_uns_LY_2-181x300.jpg 181w, https:\/\/www.regine-koelpin.de\/wp-content\/uploads\/Wohin_d_Schuld_uns_LY_2.jpg 356w\" sizes=\"auto, (max-width: 181px) 100vw, 181px\" \/><\/p>\n<p>Als Tania Lewalder einen Brief aus der Vergangenheit erh\u00e4lt und der \u00dcberbringer einen Tag sp\u00e4ter tot aufgefunden wird, \u00fcbernimmt Kommissarin Kenza Klausen die Ermittlungen. Die Spur f\u00fchrt nach sie Polen. Was ist dort bei Kriegsende mit Tania Lewalders Mutter passiert?<br \/>\nDann gibt es einen zweiten Mord an einer alten Frau. Ihr Tod scheint mit dem ersten Fall in Verbindung zu stehen. Nach und nach verdichten sich die Hinweise auf ein grausames Verbrechen in der Vergangenheit, das bis heute vertuscht werden soll.<\/p>\n<p>ISBN: 978-3839227725<\/p>\n<p>Preis: 18,00 \u20ac<\/p>\n<p>ET August 2020<\/p>\n<p>&nbsp;<\/p>\n","protected":false},"excerpt":{"rendered":"<p>Wohin die Schuld uns tr\u00e4gt Als Tania Lewalder einen Brief aus der Vergangenheit erh\u00e4lt und der \u00dcberbringer einen Tag sp\u00e4ter&hellip;<\/p>\n","protected":false},"author":1,"featured_media":0,"parent":0,"menu_order":0,"comment_status":"closed","ping_status":"closed","template":"","meta":{"footnotes":""},"class_list":["post-7219","page","type-page","status-publish","hentry"],"yoast_head":"<!-- This site is optimized with the Yoast SEO plugin v24.2 - https:\/\/yoast.com\/wordpress\/plugins\/seo\/ -->\n<title>Wohin die Schuld uns tr\u00e4gt - Regine K\u00f6lpin<\/title>\n<meta name=\"robots\" content=\"index, follow, max-snippet:-1, max-image-preview:large, max-video-preview:-1\" \/>\n<link rel=\"canonical\" href=\"https:\/\/www.regine-koelpin.de\/?page_id=7219\" \/>\n<meta property=\"og:locale\" content=\"de_DE\" \/>\n<meta property=\"og:type\" content=\"article\" \/>\n<meta property=\"og:title\" content=\"Wohin die Schuld uns tr\u00e4gt - Regine K\u00f6lpin\" \/>\n<meta property=\"og:description\" content=\"Wohin die Schuld uns tr\u00e4gt Als Tania Lewalder einen Brief aus der Vergangenheit erh\u00e4lt und der \u00dcberbringer einen Tag sp\u00e4ter&hellip;\" \/>\n<meta property=\"og:url\" content=\"https:\/\/www.regine-koelpin.de\/?page_id=7219\" \/>\n<meta property=\"og:site_name\" content=\"Regine K\u00f6lpin\" \/>\n<meta property=\"article:modified_time\" content=\"2020-05-18T11:08:33+00:00\" \/>\n<meta property=\"og:image\" content=\"http:\/\/www.regine-koelpin.de\/wp-content\/uploads\/Wohin_d_Schuld_uns_LY_2-181x300.jpg\" \/>\n<meta name=\"twitter:card\" content=\"summary_large_image\" \/>\n<script type=\"application\/ld+json\" class=\"yoast-schema-graph\">{\"@context\":\"https:\/\/schema.org\",\"@graph\":[{\"@type\":\"WebPage\",\"@id\":\"https:\/\/www.regine-koelpin.de\/?page_id=7219\",\"url\":\"https:\/\/www.regine-koelpin.de\/?page_id=7219\",\"name\":\"Wohin die Schuld uns tr\u00e4gt - Regine K\u00f6lpin\",\"isPartOf\":{\"@id\":\"https:\/\/www.regine-koelpin.de\/#website\"},\"primaryImageOfPage\":{\"@id\":\"https:\/\/www.regine-koelpin.de\/?page_id=7219#primaryimage\"},\"image\":{\"@id\":\"https:\/\/www.regine-koelpin.de\/?page_id=7219#primaryimage\"},\"thumbnailUrl\":\"http:\/\/www.regine-koelpin.de\/wp-content\/uploads\/Wohin_d_Schuld_uns_LY_2-181x300.jpg\",\"datePublished\":\"2020-04-20T14:06:35+00:00\",\"dateModified\":\"2020-05-18T11:08:33+00:00\",\"breadcrumb\":{\"@id\":\"https:\/\/www.regine-koelpin.de\/?page_id=7219#breadcrumb\"},\"inLanguage\":\"de\",\"potentialAction\":[{\"@type\":\"ReadAction\",\"target\":[\"https:\/\/www.regine-koelpin.de\/?page_id=7219\"]}]},{\"@type\":\"ImageObject\",\"inLanguage\":\"de\",\"@id\":\"https:\/\/www.regine-koelpin.de\/?page_id=7219#primaryimage\",\"url\":\"http:\/\/www.regine-koelpin.de\/wp-content\/uploads\/Wohin_d_Schuld_uns_LY_2-181x300.jpg\",\"contentUrl\":\"http:\/\/www.regine-koelpin.de\/wp-content\/uploads\/Wohin_d_Schuld_uns_LY_2-181x300.jpg\"},{\"@type\":\"BreadcrumbList\",\"@id\":\"https:\/\/www.regine-koelpin.de\/?page_id=7219#breadcrumb\",\"itemListElement\":[{\"@type\":\"ListItem\",\"position\":1,\"name\":\"Startseite\",\"item\":\"https:\/\/www.regine-koelpin.de\/\"},{\"@type\":\"ListItem\",\"position\":2,\"name\":\"Wohin die Schuld uns tr\u00e4gt\"}]},{\"@type\":\"WebSite\",\"@id\":\"https:\/\/www.regine-koelpin.de\/#website\",\"url\":\"https:\/\/www.regine-koelpin.de\/\",\"name\":\"Regine K\u00f6lpin\",\"description\":\"Schriftstellerin\",\"potentialAction\":[{\"@type\":\"SearchAction\",\"target\":{\"@type\":\"EntryPoint\",\"urlTemplate\":\"https:\/\/www.regine-koelpin.de\/?s={search_term_string}\"},\"query-input\":{\"@type\":\"PropertyValueSpecification\",\"valueRequired\":true,\"valueName\":\"search_term_string\"}}],\"inLanguage\":\"de\"}]}<\/script>\n<!-- \/ Yoast SEO plugin. -->","yoast_head_json":{"title":"Wohin die Schuld uns tr\u00e4gt - Regine K\u00f6lpin","robots":{"index":"index","follow":"follow","max-snippet":"max-snippet:-1","max-image-preview":"max-image-preview:large","max-video-preview":"max-video-preview:-1"},"canonical":"https:\/\/www.regine-koelpin.de\/?page_id=7219","og_locale":"de_DE","og_type":"article","og_title":"Wohin die Schuld uns tr\u00e4gt - Regine K\u00f6lpin","og_description":"Wohin die Schuld uns tr\u00e4gt Als Tania Lewalder einen Brief aus der Vergangenheit erh\u00e4lt und der \u00dcberbringer einen Tag sp\u00e4ter&hellip;","og_url":"https:\/\/www.regine-koelpin.de\/?page_id=7219","og_site_name":"Regine K\u00f6lpin","article_modified_time":"2020-05-18T11:08:33+00:00","og_image":[{"url":"http:\/\/www.regine-koelpin.de\/wp-content\/uploads\/Wohin_d_Schuld_uns_LY_2-181x300.jpg","type":"","width":"","height":""}],"twitter_card":"summary_large_image","schema":{"@context":"https:\/\/schema.org","@graph":[{"@type":"WebPage","@id":"https:\/\/www.regine-koelpin.de\/?page_id=7219","url":"https:\/\/www.regine-koelpin.de\/?page_id=7219","name":"Wohin die Schuld uns tr\u00e4gt - Regine K\u00f6lpin","isPartOf":{"@id":"https:\/\/www.regine-koelpin.de\/#website"},"primaryImageOfPage":{"@id":"https:\/\/www.regine-koelpin.de\/?page_id=7219#primaryimage"},"image":{"@id":"https:\/\/www.regine-koelpin.de\/?page_id=7219#primaryimage"},"thumbnailUrl":"http:\/\/www.regine-koelpin.de\/wp-content\/uploads\/Wohin_d_Schuld_uns_LY_2-181x300.jpg","datePublished":"2020-04-20T14:06:35+00:00","dateModified":"2020-05-18T11:08:33+00:00","breadcrumb":{"@id":"https:\/\/www.regine-koelpin.de\/?page_id=7219#breadcrumb"},"inLanguage":"de","potentialAction":[{"@type":"ReadAction","target":["https:\/\/www.regine-koelpin.de\/?page_id=7219"]}]},{"@type":"ImageObject","inLanguage":"de","@id":"https:\/\/www.regine-koelpin.de\/?page_id=7219#primaryimage","url":"http:\/\/www.regine-koelpin.de\/wp-content\/uploads\/Wohin_d_Schuld_uns_LY_2-181x300.jpg","contentUrl":"http:\/\/www.regine-koelpin.de\/wp-content\/uploads\/Wohin_d_Schuld_uns_LY_2-181x300.jpg"},{"@type":"BreadcrumbList","@id":"https:\/\/www.regine-koelpin.de\/?page_id=7219#breadcrumb","itemListElement":[{"@type":"ListItem","position":1,"name":"Startseite","item":"https:\/\/www.regine-koelpin.de\/"},{"@type":"ListItem","position":2,"name":"Wohin die Schuld uns tr\u00e4gt"}]},{"@type":"WebSite","@id":"https:\/\/www.regine-koelpin.de\/#website","url":"https:\/\/www.regine-koelpin.de\/","name":"Regine K\u00f6lpin","description":"Schriftstellerin","potentialAction":[{"@type":"SearchAction","target":{"@type":"EntryPoint","urlTemplate":"https:\/\/www.regine-koelpin.de\/?s={search_term_string}"},"query-input":{"@type":"PropertyValueSpecification","valueRequired":true,"valueName":"search_term_string"}}],"inLanguage":"de"}]}},"_links":{"self":[{"href":"https:\/\/www.regine-koelpin.de\/index.php?rest_route=\/wp\/v2\/pages\/7219","targetHints":{"allow":["GET"]}}],"collection":[{"href":"https:\/\/www.regine-koelpin.de\/index.php?rest_route=\/wp\/v2\/pages"}],"about":[{"href":"https:\/\/www.regine-koelpin.de\/index.php?rest_route=\/wp\/v2\/types\/page"}],"author":[{"embeddable":true,"href":"https:\/\/www.regine-koelpin.de\/index.php?rest_route=\/wp\/v2\/users\/1"}],"replies":[{"embeddable":true,"href":"https:\/\/www.regine-koelpin.de\/index.php?rest_route=%2Fwp%2Fv2%2Fcomments&post=7219"}],"version-history":[{"count":2,"href":"https:\/\/www.regine-koelpin.de\/index.php?rest_route=\/wp\/v2\/pages\/7219\/revisions"}],"predecessor-version":[{"id":7265,"href":"https:\/\/www.regine-koelpin.de\/index.php?rest_route=\/wp\/v2\/pages\/7219\/revisions\/7265"}],"wp:attachment":[{"href":"https:\/\/www.regine-koelpin.de\/index.php?rest_route=%2Fwp%2Fv2%2Fmedia&parent=7219"}],"curies":[{"name":"wp","href":"https:\/\/api.w.org\/{rel}","templated":true}]}}