{"id":9238,"date":"2025-06-18T13:22:55","date_gmt":"2025-06-18T11:22:55","guid":{"rendered":"https:\/\/www.regine-koelpin.de\/?page_id=9238"},"modified":"2025-06-18T14:33:13","modified_gmt":"2025-06-18T12:33:13","slug":"news","status":"publish","type":"page","link":"http:\/\/www.regine-koelpin.de\/?page_id=9238","title":{"rendered":"News"},"content":{"rendered":"\n<p>Podcast &#8222;Sprenger spricht&#8220;<\/p>\n\n\n\n<p>Regine K\u00f6lpin, Saskia Diederichsen und Kati Naumann waren beim Podcast von &#8222;Sprenger spricht&#8220; zu Gast.<br>Sie hatten sich viel zu erz\u00e4hlen. Es ging um ihre B\u00fccher, aber auch ums Autorinnenleben udn alles drumherum:<br>Gern reinh\u00f6ren bei <a href=\"https:\/\/www.podcast.de\/episode\/674420124\/214-fernwehland-agent-einbein-und-die-zweisteins-auf-der-andrea-doria\">SPRENGER SPRICHT<\/a><br> <\/p>\n","protected":false},"excerpt":{"rendered":"<p>Podcast &#8222;Sprenger spricht&#8220; Regine K\u00f6lpin, Saskia Diederichsen und Kati Naumann waren beim Podcast von &#8222;Sprenger spricht&#8220; zu Gast.Sie hatten sich&hellip;<\/p>\n","protected":false},"author":1,"featured_media":0,"parent":0,"menu_order":0,"comment_status":"closed","ping_status":"closed","template":"","meta":{"footnotes":""},"class_list":["post-9238","page","type-page","status-publish","hentry"],"yoast_head":"<!-- This site is optimized with the Yoast SEO plugin v24.2 - https:\/\/yoast.com\/wordpress\/plugins\/seo\/ -->\n<title>News - Regine K\u00f6lpin<\/title>\n<meta name=\"robots\" content=\"index, follow, max-snippet:-1, max-image-preview:large, max-video-preview:-1\" \/>\n<link rel=\"canonical\" href=\"https:\/\/www.regine-koelpin.de\/?page_id=9238\" \/>\n<meta property=\"og:locale\" content=\"de_DE\" \/>\n<meta property=\"og:type\" content=\"article\" \/>\n<meta property=\"og:title\" content=\"News - Regine K\u00f6lpin\" \/>\n<meta property=\"og:description\" content=\"Podcast &#8222;Sprenger spricht&#8220; Regine K\u00f6lpin, Saskia Diederichsen und Kati Naumann waren beim Podcast von &#8222;Sprenger spricht&#8220; zu Gast.Sie hatten sich&hellip;\" \/>\n<meta property=\"og:url\" content=\"https:\/\/www.regine-koelpin.de\/?page_id=9238\" \/>\n<meta property=\"og:site_name\" content=\"Regine K\u00f6lpin\" \/>\n<meta property=\"article:modified_time\" content=\"2025-06-18T12:33:13+00:00\" \/>\n<meta name=\"twitter:card\" content=\"summary_large_image\" \/>\n<meta name=\"twitter:label1\" content=\"Gesch\u00e4tzte Lesezeit\" \/>\n\t<meta name=\"twitter:data1\" content=\"1\u00a0Minute\" \/>\n<script type=\"application\/ld+json\" class=\"yoast-schema-graph\">{\"@context\":\"https:\/\/schema.org\",\"@graph\":[{\"@type\":\"WebPage\",\"@id\":\"https:\/\/www.regine-koelpin.de\/?page_id=9238\",\"url\":\"https:\/\/www.regine-koelpin.de\/?page_id=9238\",\"name\":\"News - Regine K\u00f6lpin\",\"isPartOf\":{\"@id\":\"http:\/\/www.regine-koelpin.de\/#website\"},\"datePublished\":\"2025-06-18T11:22:55+00:00\",\"dateModified\":\"2025-06-18T12:33:13+00:00\",\"breadcrumb\":{\"@id\":\"https:\/\/www.regine-koelpin.de\/?page_id=9238#breadcrumb\"},\"inLanguage\":\"de\",\"potentialAction\":[{\"@type\":\"ReadAction\",\"target\":[\"https:\/\/www.regine-koelpin.de\/?page_id=9238\"]}]},{\"@type\":\"BreadcrumbList\",\"@id\":\"https:\/\/www.regine-koelpin.de\/?page_id=9238#breadcrumb\",\"itemListElement\":[{\"@type\":\"ListItem\",\"position\":1,\"name\":\"Startseite\",\"item\":\"https:\/\/www.regine-koelpin.de\/\"},{\"@type\":\"ListItem\",\"position\":2,\"name\":\"News\"}]},{\"@type\":\"WebSite\",\"@id\":\"http:\/\/www.regine-koelpin.de\/#website\",\"url\":\"http:\/\/www.regine-koelpin.de\/\",\"name\":\"Regine K\u00f6lpin\",\"description\":\"Schriftstellerin\",\"potentialAction\":[{\"@type\":\"SearchAction\",\"target\":{\"@type\":\"EntryPoint\",\"urlTemplate\":\"http:\/\/www.regine-koelpin.de\/?s={search_term_string}\"},\"query-input\":{\"@type\":\"PropertyValueSpecification\",\"valueRequired\":true,\"valueName\":\"search_term_string\"}}],\"inLanguage\":\"de\"}]}<\/script>\n<!-- \/ Yoast SEO plugin. -->","yoast_head_json":{"title":"News - Regine K\u00f6lpin","robots":{"index":"index","follow":"follow","max-snippet":"max-snippet:-1","max-image-preview":"max-image-preview:large","max-video-preview":"max-video-preview:-1"},"canonical":"https:\/\/www.regine-koelpin.de\/?page_id=9238","og_locale":"de_DE","og_type":"article","og_title":"News - Regine K\u00f6lpin","og_description":"Podcast &#8222;Sprenger spricht&#8220; Regine K\u00f6lpin, Saskia Diederichsen und Kati Naumann waren beim Podcast von &#8222;Sprenger spricht&#8220; zu Gast.Sie hatten sich&hellip;","og_url":"https:\/\/www.regine-koelpin.de\/?page_id=9238","og_site_name":"Regine K\u00f6lpin","article_modified_time":"2025-06-18T12:33:13+00:00","twitter_card":"summary_large_image","twitter_misc":{"Gesch\u00e4tzte Lesezeit":"1\u00a0Minute"},"schema":{"@context":"https:\/\/schema.org","@graph":[{"@type":"WebPage","@id":"https:\/\/www.regine-koelpin.de\/?page_id=9238","url":"https:\/\/www.regine-koelpin.de\/?page_id=9238","name":"News - Regine K\u00f6lpin","isPartOf":{"@id":"http:\/\/www.regine-koelpin.de\/#website"},"datePublished":"2025-06-18T11:22:55+00:00","dateModified":"2025-06-18T12:33:13+00:00","breadcrumb":{"@id":"https:\/\/www.regine-koelpin.de\/?page_id=9238#breadcrumb"},"inLanguage":"de","potentialAction":[{"@type":"ReadAction","target":["https:\/\/www.regine-koelpin.de\/?page_id=9238"]}]},{"@type":"BreadcrumbList","@id":"https:\/\/www.regine-koelpin.de\/?page_id=9238#breadcrumb","itemListElement":[{"@type":"ListItem","position":1,"name":"Startseite","item":"https:\/\/www.regine-koelpin.de\/"},{"@type":"ListItem","position":2,"name":"News"}]},{"@type":"WebSite","@id":"http:\/\/www.regine-koelpin.de\/#website","url":"http:\/\/www.regine-koelpin.de\/","name":"Regine K\u00f6lpin","description":"Schriftstellerin","potentialAction":[{"@type":"SearchAction","target":{"@type":"EntryPoint","urlTemplate":"http:\/\/www.regine-koelpin.de\/?s={search_term_string}"},"query-input":{"@type":"PropertyValueSpecification","valueRequired":true,"valueName":"search_term_string"}}],"inLanguage":"de"}]}},"_links":{"self":[{"href":"http:\/\/www.regine-koelpin.de\/index.php?rest_route=\/wp\/v2\/pages\/9238","targetHints":{"allow":["GET"]}}],"collection":[{"href":"http:\/\/www.regine-koelpin.de\/index.php?rest_route=\/wp\/v2\/pages"}],"about":[{"href":"http:\/\/www.regine-koelpin.de\/index.php?rest_route=\/wp\/v2\/types\/page"}],"author":[{"embeddable":true,"href":"http:\/\/www.regine-koelpin.de\/index.php?rest_route=\/wp\/v2\/users\/1"}],"replies":[{"embeddable":true,"href":"http:\/\/www.regine-koelpin.de\/index.php?rest_route=%2Fwp%2Fv2%2Fcomments&post=9238"}],"version-history":[{"count":2,"href":"http:\/\/www.regine-koelpin.de\/index.php?rest_route=\/wp\/v2\/pages\/9238\/revisions"}],"predecessor-version":[{"id":9246,"href":"http:\/\/www.regine-koelpin.de\/index.php?rest_route=\/wp\/v2\/pages\/9238\/revisions\/9246"}],"wp:attachment":[{"href":"http:\/\/www.regine-koelpin.de\/index.php?rest_route=%2Fwp%2Fv2%2Fmedia&parent=9238"}],"curies":[{"name":"wp","href":"https:\/\/api.w.org\/{rel}","templated":true}]}}